 -258*m - 6221. Give c(-25).
229
Let y(c) = -16*c - 11682. Calculate y(-732).
30
Let s(p) = 124*p**2 - 69495*p - 69497. Determine s(-1).
122
Let l(g) = 4*g**3 - 15*g**2 - 192*g - 793. Determine l(-7).
-1556
Let j(u) = 105480*u + 18880915. Calculate j(-179).
-5
Let h(b) = -b**3 - 1392*b**2 - 133949*b + 325. Give h(-104).
13
Let b(o) = -o**3 + 24*o**2 + 26*o - 530. What is b(26)?
-1206
Let j(z) = -38827*z - 2601424. Give j(-67).
-15
Let u(f) = -f**2 - 154*f + 257239. What is u(436)?
-1
Let u(s) = 13*s**2 + 5269*s - 342585. Determine u(57).
-15
Let m(j) = 22952*j + 527898. Determine m(-23).
2
Let v(h) = 5967*h + 53740. Determine v(-9).
37
Let d(u) = -10*u**2 - 3811*u + 7244. Determine d(-383).
-33
Let o(b) = -2*b**3 + 8*b**2 + 176*b - 784. Determine o(9).
-10
Let z(u) = 75083*u + 150206. Determine z(-2).
40
Let l(m) = -3*m**2 - 78*m + 75. Give l(5).
-390
Let r(l) = 6*l**3 + 131*l**2 + 2*l + 51. Determine r(-22).
-477
Let d(v) = -4*v**2 + 1071*v - 5361. Give d(5).
-106
Let h(a) = -199*a**2 - 93*a - 5. Give h(-2).
-615
Let b(y) = -243*y**2 - 6095*y - 16472. Give b(-22).
6
Let s(d) = -d**3 - 4*d**2 - 9091*d - 63766. Determine s(-7).
18
Let m(l) = -2*l**3 + 186*l**2 - 145*l - 2105. Give m(92).
1483
Let h(x) = 69*x**2 + 959*x + 48. Give h(-14).
146
Let h(k) = -1251*k - 12785. Calculate h(-10).
-275
Let g(b) = -b**3 - 1371*b**2 - 23029*b - 186. Calculate g(-17).
1
Let w(o) = -152*o - 2640. Give w(9).
-4008
Let j(m) = -m**2 - 330*m - 19118. Determine j(-80).
882
Let z(d) = 19*d**2 - 1626*d - 4166. Calculate z(88).
-118
Let x(v) = 186*v - 60. Calculate x(-1).
-246
Let w(k) = 8*k**3 - 17*k**2 - 14*k - 7. Calculate w(7).
1806
Let f(d) = 64083*d + 16020751. Calculate f(-250).
1
Let v(q) = 619*q + 4969. What is v(-9)?
-602
Let k(b) = -3516*b - 1591. Calculate k(-1).
1925
Let t(q) = -15000*q - 240000. Calculate t(-16).
0
Let f(l) = -10*l**3 + 259*l**2 + 30*l + 37. What is f(26)?
141
Let g(k) = -6*k**3 - 224*k**2 - 92*k - 448. Determine g(-37).
218
Let b(t) = 2*t**2 + 115607*t - 3470006. Calculate b(30).
4
Let h(m) = 2*m**2 + 6202*m + 24753. Determine h(-4).
-23
Let j(v) = -2*v**3 - 9*v**2 - 6461*v - 25806. Give j(-4).
22
Let a(u) = -1494*u - 1407. Determine a(-1).
87
Let z(q) = -171*q - 10668. Determine z(-64).
276
Let d(a) = -5025*a - 537684. Calculate d(-107).
-9
Let c(f) = -13*f**2 + 364*f + 602. Give c(30).
-178
Let g(a) = -a**3 + 1087*a**2 + 1168*a - 87007. Give g(1088).
33
Let p(z) = -6858*z - 1399008. Determine p(-204).
24
Let x(s) = -5617*s + 320115. What is x(57)?
-54
Let y(z) = -952*z + 6735. Give y(7).
71
Let h(y) = 32840*y + 27585596. What is h(-840)?
-4
Let d(b) = -134*b - 11240. Determine d(-84).
16
Let r(k) = -k**2 + 22173*k + 2182564. Give r(-98).
6
Let h(w) = 47*w**2 - 222*w + 82. Give h(6).
442
Let o(t) = -1228*t + 1089281. Determine o(887).
45
Let a(z) = 5410*z - 28431. Calculate a(5).
-1381
Let d(q) = 2*q**2 + 6619*q + 66003. What is d(-10)?
13
Let g(a) = 5*a**3 + 22*a**2 + 587*a + 2311. Calculate g(-4).
-5
Let v(q) = 32*q**2 - 122*q - 4377. Calculate v(-10).
43
Let s(v) = 4979*v**2 - 94587*v - 260. Calculate s(19).
6
Let o(g) = g**2 - 84*g - 438. Determine o(96).
714
Let f(k) = -12*k**2 - 37702*k - 188210. Give f(-5).
0
Let u(n) = 17*n**2 + 416*n - 117. Give u(-25).
108
Let i(j) = 47039*j - 846689. What is i(18)?
13
Let d(s) = s**3 + 129*s**2 - 743*s - 126620. What is d(-127)?
-1
Let m(h) = 78*h**2 - 524*h - 158. Determine m(7).
-4
Let m(a) = 1173*a - 33576. Determine m(29).
441
Let l(q) = -3*q**3 + 38*q**2 - 194*q + 1138. Give l(10).
-2
Let t(b) = 2*b**3 + 4*b**2 + 159*b + 846. Determine t(-5).
-99
Let t(j) = -j**2 + 1022*j - 503. Determine t(0).
-503
Let i(u) = u**3 + 72*u**2 + 1182*u - 1410. Calculate i(-28).
-10
Let q(z) = -2*z**2 - 188*z - 4354. Give q(-51).
32
Let h(y) = -y**3 - 32*y**2 - 88*y - 3922. Give h(-33).
71
Let v(r) = 2256*r + 13502. Determine v(-6).
-34
Let m(x) = x**2 - 137*x - 14936. Determine m(-71).
-168
Let o(k) = 13*k**2 - 2002*k - 16838. Calculate o(-8).
10
Let s(c) = 5*c**2 - 2467*c - 70268. Determine s(-27).
-14
Let d(r) = 94837*r**3 - 189676*r**2 + 4*r. Determine d(2).
0
Let m(k) = -4*k**3 + 165*k - 51. What is m(7)?
-268
Let q(g) = g**2 - 3396*g + 30478. Determine q(9).
-5
Let v(s) = -s**2 + 18631*s - 186180. Determine v(10).
30
Let l(t) = -t**3 - 55*t**2 + 37*t + 1890. Give l(-55).
-145
Let x(q) = 2*q**2 - 211*q + 236. What is x(1)?
27
Let n(l) = l**2 - 58341*l - 583511. Calculate n(-10).
-1
Let n(i) = -i**2 - 133591*i + 1202389. Give n(9).
-11
Let g(h) = -2*h**2 + 79*h - 837. Determine g(38).
-723
Let d(l) = 5*l**3 + 58*l**2 - 584*l + 330. What is d(6)?
-6
Let f(s) = s**3 - 54*s**2 + 246*s - 13295. Determine f(54).
-11
Let f(o) = 284853*o - 854616. Give f(3).
-57
Let w(n) = 537*n - 8064. Calculate w(14).
-546
Let k(c) = 334*c**2 - 3125*c - 2147. Give k(10).
3
Let y(v) = -23471*v - 46922. Calculate y(-2).
20
Let j(u) = -u**2 - 780*u - 150468. Determine j(-350).
32
Let u(h) = -2*h**3 - h**2 - 3*h + 14. Calculate u(2).
-12
Let j(y) = -743*y + 680. Determine j(1).
-63
Let p(b) = 9074*b - 136251. What is p(15)?
-141
Let u(o) = 395*o + 7819. Give u(-20).
-81
Let g(x) = -768*x - 72152. What is g(-94)?
40
Let j(c) = -c**2 + 10*c + 339. Determine j(26).
-77
Let j(o) = o**3 - 97*o**2 + 1521*o + 1439. What is j(77)?
-24
Let l(u) = u**2 + 222994*u - 15168214. Determine l(68).
2
Let o(q) = -q**3 + 129*q**2 + 3*q - 894. What is o(129)?
-507
Let n(w) = -w**3 + 80*w**2 + 25*w - 30366. Give n(75).
-366
Let m(z) = -1017*z - 12. Give m(0).
-12
Let l(v) = -1593*v - 15350. Give l(-8).
-2606
Let p(k) = 42437*k + 1909598. What is p(-45)?
-67
Let g(d) = d**3 - d**2 - 33*d - 69. Calculate g(-5).
-54
Let r(a) = 17*a**2 - 615*a + 1225. Determine r(2).
63
Let l(b) = 36*b**2 + 343*b + 135. Determine l(-11).
718
Let x(w) = w**3 - 22*w**2 + 6392*w - 44106. What is x(7)?
-97
Let r(j) = 71*j - 9831. Determine r(138).
-33
Let z(a) = -69*a**3 + 9*a**2 - 25*a + 7. Give z(2).
-559
Let h(r) = 5063*r + 1220173. Determine h(-241).
-10
Let m(g) = -g**3 - 20*g**2 - 2407*g - 45365. Calculate m(-19).
7
Let y(j) = -j**3 - 220*j**2 + 1371*j + 3297. Calculate y(-226).
-93
Let p(t) = -1897234*t - 3794528. Give p(-2).
-60
Let i(h) = 890*h**2 + 80110*h + 898. What is i(-90)?
-2
Let d(c) = -186*c**2 - 63239*c + 337. Determine d(-340).
-3
Let b(h) = -656*h - 73456. Determine b(-112).
16
Let c(l) = 4777*l + 9501. Calculate c(-2).
-53
Let i(s) = s**2 - 172*s + 5340. Give i(58).
-1272
Let p(q) = 9*q**2 + 2650*q + 10605. Calculate p(-4).
149
Let x(a) = 3*a**3 + 596*a**2 + 2148*a + 65. Determine x(-195).
-520
Let j(r) = -12619*r + 88363. Calculate j(7).
30
Let g(m) = -3*m**3 + 6*m**2 + 99*m + 538. What is g(-5)?
568
Let n(l) = 16*l**3 - 705*l**2 - 57*l + 4557. Give n(44).
113
Let m(t) = -4*t**3 - 9*t**2 - 1538*t - 4638. Determine m(-3).
3
Let j(l) = -l**3 - 426*l**2 - 1653*l + 14810. What is j(-422)?
40
Let b(i) = 927*i - 20504. Determine b(21).
-1037
Let f(v) = -3*v**2 + 70*v + 7444. Give f(-41).
-469
Let n(c) = -590*c + 20237. Determine n(34).
177
Let j(u) = 40133*u + 1645455. Give j(-41).
2
Let j(r) = 65*r**2 - r + 1771. Give j(0).
1771
Let i(d) = 2*d**3 - 82*d**2 - 342*d + 616. Determine i(-5).
26
Let k(v) = v**3 + 16*v**2 + 198*v + 3699. Determine k(-17).
44
Let a(k) = 8991*k - 197830. Determine a(22).
-28
Let d(c) = -c**2 - 13340*c + 307324. Determine d(23).
-25
Let l(c) = 550*c + 2693. What is l(-5)?
-57
Let i(k) = 23*k**3 - 174*k**2 + 27*k - 105. What is i(8)?
751
Let v(x) = 2383*x + 2446. Give v(-1).
63
Let x(m) = -2*m**3 + 1243*m**2 - 16430*m + 8377. Give x(608).
-135
Let v(u) = 13*u**3 - 2574*u**2 - 2095*u + 414807. What is v(198)?
-3
Let a(o) = -1859*o**2 + 208273*o - 7283. Give a(112).
-3
Let i(n) = -4*n**3 + 16*n**2 + 630*n - 251. Calculate i(-11).
79
Let m(j) = 53*j + 1013. Determine m(-10).
483
Let h(q) = q**3 - 37*q**2 + 224*q + 42. Give h(8).
-22
Let t(z) = 7*z**2 + 6279*z + 216976. Calculate t(-861).
4
Let l(d) = 179*d**2 - 48*d - 6. Calculate l(3).
1461
Let t(o) = 2442*o**2 + 39051*o - 306. What is t(-16)?
30
Let a(y) = y**2 - 31*y + 564. Determine a(14).
326
Let x(v) = 15338*v + 15940. Calculate x(-1).
602
Let f(a) = 10*a**2 - 595*a + 4139. What is f(51)?
-196
Let y(p) = 27*p**2 - 310*p + 98. What is y(11)?
-45
Let q(f) = 4*f**3 - 56*f**2 